7394?
3
What is the hundred thousands digit of 4653130?
6
What is the units digit of 1517160?
0
What is the hundreds digit of 5440?
4
What is the hundreds digit of 252056?
0
What is the hundreds digit of 511116?
1
What is the tens digit of 3257060?
6
What is the hundred thousands digit of 5687268?
6
What is the hundred thousands digit of 891755?
8
What is the units digit of 1792323?
3
What is the tens digit of 1572172?
7
What is the thousands digit of 243029?
3
What is the units digit of 241652?
2
What is the thousands digit of 666925?
6
What is the thousands digit of 1694353?
4
What is the hundred thousands digit of 559983?
5
What is the ten thousands digit of 12319094?
1
What is the units digit of 948715?
5
What is the tens digit of 834239?
3
What is the hundreds digit of 87828?
8
What is the tens digit of 462210?
1
What is the thousands digit of 53362?
3
What is the tens digit of 1670679?
7
What is the units digit of 2158195?
5
What is the hundreds digit of 145558?
5
What is the hundreds digit of 1416886?
8
What is the hundred thousands digit of 12530164?
5
What is the ten millions digit of 27129541?
2
What is the ten thousands digit of 25362951?
6
What is the hundreds digit of 14252488?
4
What is the hundred thousands digit of 370491?
3
What is the hundred thousands digit of 248004?
2
What is the hundreds digit of 8957742?
7
What is the thousands digit of 834674?
4
What is the units digit of 1641755?
5
What is the tens digit of 16788?
8
What is the millions digit of 20747123?
0
What is the units digit of 11021362?
2
What is the thousands digit of 1186133?
6
What is the thousands digit of 3682186?
2
What is the hundred thousands digit of 221768?
2
What is the hundreds digit of 2730305?
3
What is the hundred thousands digit of 19679071?
6
What is the hundreds digit of 2494098?
0
What is the hundreds digit of 2080240?
2
What is the thousands digit of 994683?
4
What is the tens digit of 98739?
3
What is the hundred thousands digit of 406626?
4
What is the ten thousands digit of 668447?
6
What is the hundred thousands digit of 5152403?
1
What is the tens digit of 75769?
6
What is the hundreds digit of 17007187?
1
What is the tens digit of 11074074?
7
What is the thousands digit of 6486187?
6
What is the units digit of 53072?
2
What is the ten thousands digit of 86555?
8
What is the thousands digit of 803455?
3
What is the thousands digit of 6043250?
3
What is the thousands digit of 337904?
7
What is the hundred thousands digit of 1992637?
9
What is the ten thousands digit of 1099912?
9
What is the hundred thousands digit of 979360?
9
What is the tens digit of 344990?
9
What is the hundreds digit of 4807359?
3
What is the tens digit of 2175069?
6
What is the ten thousands digit of 4901906?
0
What is the millions digit of 2104205?
2
What is the millions digit of 1362947?
1
What is the units digit of 1432457?
7
What is the ten thousands digit of 11287625?
8
What is the ten thousands digit of 2645556?
4
What is the hundreds digit of 493143?
1
What is the thousands digit of 2954716?
4
What is the hundreds digit of 42541?
5
What is the units digit of 854141?
1
What is the units digit of 1137888?
8
What is the tens digit of 167782?
8
What is the thousands digit of 3732356?
2
What is the ten thousands digit of 2196945?
9
What is the hundreds digit of 1266858?
8
What is the ten thousands digit of 2535156?
3
What is the tens digit of 185263?
6
What is the thousands digit of 268489?
8
What is the thousands digit of 153288?
3
What is the hundreds digit of 7915205?
2
What is the units digit of 1362602?
2
What is the hundreds digit of 2717105?
1
What is the ten thousands digit of 66437?
6
What is the ten thousands digit of 100359?
0
What is the tens digit of 3346628?
2
What is the ten thousands digit of 4942477?
4
What is the tens digit of 9118395?
9
What is the ten thousands digit of 530425?
3
What is the hundred thousands digit of 6698438?
6
What is the units digit of 142882?
2
What is the units digit of 11837?
7
What is the ten thousands digit of 1757728?
5
What is the units digit of 1403207?
7
What is the units digit of 145380?
0
What is the tens digit of 1846916?
1
What is the ten millions digit of 12263122?
1
What is the hundred thousands digit of 14600953?
6
What is the hundreds digit of 178451?
4
What is the tens digit of 14091851?
5
What is the thousands digit of 273611?
3
What is the tens digit of 20862332?
3
What is the units digit of 1658079?
9
What is the ten thousands digit of 274493?
7
What is the ten thousands digit of 297806?
9
What is the tens digit of 243311?
1
What is the thousands digit of 917176?
7
What is the tens digit of 6041516?
1
What is the hundreds digit of 197975?
9
What is the tens digit of 177200?
0
What is the ten thousands digit of 1413099?
1
What is the units digit of 131195?
5
What is the millions digit of 1861158?
1
What is the units digit of 950566?
6
What is the thousands digit of 5066262?
6
What is the tens digit of 5339047?
4
What is the thousands digit of 297961?
7
What is the hundreds digit of 1608323?
3
What is the units digit of 326517?
7
What is the ten thousands digit of 395549?
9
What is the thousands digit of 275921?
5
What is the ten thousands digit of 26881412?
8
What is the thousands digit of 842934?
2
What is the hundred thousands digit of 9780209?
7
What is the hundred thousands digit of 190115?
1
What is the units digit of 263014?
4
What is the thousands digit of 3534?
3
What is the millions digit of 6508031?
6
What is the ten thousands digit of 109205?
0
What is the thousands digit of 22416308?
6
What is the ten thousands digit of 362183?
6
What is the hundreds digit of 1168910?
9
What is the ten thousands digit of 14525724?
2
What is the ten thousands digit of 542755?
4
What is the thousands digit of 1482491?
2
What is the thousands digit of 436614?
6
What is the thousands digit of 1602837?
2
What is the units digit of 274597?
7
What is the hundreds digit of 378791?
7
What is the hundreds digit of 109693?
6
What is the thousands digit of 803515?
3
What is the hundred thousands digit of 1129132?
1
What is the ten thousands digit of 136931?
3
What is the units digit of 445507?
7
What is the tens digit of 461632?
3
What is the units digit of 89803?
3
What is the hundreds digit of 381748?
7
What is the units digit of 4929466?
6
What is the units digit of 7675446?
6
What is the ten thousands digit of 1342203?
4
What is the tens digit of 231286?
8
What is the units digit of 1753718?
8
What is the thousands digit of 6068991?
8
What is the hundred thousands digit of 476959?
4
What is the hundred thousands digit of 7493873?
4
What is the hundred thousands digit of 231362?
2
What is the hundred thousands digit of 767899?
7
What is the hundred thousands digit of 238510?
2
What is the hundreds digit of 691176?
1
What is the thousands digit of 1511404?
1
What is the thousands digit of 145320?
5
What is the thousands digit of 239129?
9
What is the hundreds digit of 61571?
5
What is the thousands digit of 320468?
0
What is the hundreds digit of 9920926?
9
What is the tens digit of 278828?
2
What is the millions digit of 1688946?
1
What is the hundreds digit of 717407?
4
What is the ten thousands digit of 376885?
7
What is the hundred thousands digit of 423459?
4
What is the ten thousands digit of 2025650?
2
What is the thousands digit of 5310816?
0
What is the ten thousands digit of 2075883?
7
What is the hundred thousands digit of 2364185?
3
What is the ten thousands digit of 5368640?
6
What is the ten thousands digit of 13914765?
1
What is the tens digit of 224820?
2
What is the tens digit of 365253?
5
What is the ten thousands digit of 218368?
1
What is the tens digit of 454135?
3
What is the hundred thousands digit of 8171077?
1
What is the tens digit of 18153065?
6
What is the tens digit of 264432?
3
What is the units digit of 7760387?
7
What is the units digit of 608890?
0
What is the ten thousands digit of 2020869?
2
What is the ten thousands digit of 10127132?
2
What is the thousands digit of 469454?
9
What is the hundreds digit of 193837?
8
What is the tens digit of 540766?
6
What is the units digit of 111631?
1
What is the units digit of 962921?
1
What is the ten thousands digit of 9208874?
0
What is t